se
Is 355 a composite number?
True
Is 82939 a composite number?
False
Is 315211 a composite number?
True
Is 2609 a composite number?
False
Is 15941 prime?
False
Is 248683 composite?
False
Is 12373 a composite number?
False
Is 40973 a composite number?
False
Is 12251 composite?
False
Is 396029 prime?
True
Is 2283 a prime number?
False
Is 486877 prime?
False
Is 287927 composite?
True
Is 1092095 a prime number?
False
Is 1410077 prime?
True
Is 1558049 composite?
True
Is 2894469 a composite number?
True
Is 46289 a composite number?
True
Is 56071 a composite number?
True
Is 86703 a composite number?
True
Is 10847 a prime number?
True
Is 111373 a composite number?
False
Is 36185 composite?
True
Is 16015 prime?
False
Is 409879 composite?
False
Is 55289 composite?
True
Is 10891 a composite number?
False
Is 5323 prime?
True
Is 51691 a composite number?
False
Is 51479 prime?
True
Is 25841 a prime number?
True
Is 14479 a prime number?
True
Is 269 a composite number?
False
Is 58397 composite?
True
Is 955 a composite number?
True
Is 1657 a prime number?
True
Is 9865 a composite number?
True
Is 13241 a composite number?
False
Is 70753 a prime number?
True
Is 306077 a composite number?
True
Is 388823 a composite number?
False
Is 31601 prime?
True
Is 1365787 prime?
True
Is 409 composite?
False
Is 6779 prime?
True
Is 240623 a composite number?
False
Is 83623 prime?
False
Is 59093 prime?
True
Is 6797 a composite number?
True
Is 4781 prime?
False
Is 1151 prime?
True
Is 3155 prime?
False
Is 323691 a composite number?
True
Is 51307 a prime number?
True
Is 3365 composite?
True
Is 8819 prime?
True
Is 4078 a composite number?
True
Is 386231 prime?
False
Is 85757 a composite number?
True
Is 55067 prime?
False
Is 2039 composite?
False
Is 4082449 a composite number?
True
Is 19373 composite?
False
Is 1501 a composite number?
True
Is 4535 a prime number?
False
Is 1337623 prime?
False
Is 1735 a prime number?
False
Is 551569 a composite number?
False
Is 66167 prime?
False
Is 526571 a prime number?
True
Is 22169 prime?
False
Is 15259 a composite number?
False
Is 282859 composite?
True
Is 1760194 a composite number?
True
Is 15389 prime?
False
Is 1289779 a composite number?
False
Is 132739 composite?
False
Is 14111 a composite number?
True
Is 641411 a composite number?
False
Is 127461 a prime number?
False
Is 50359 a composite number?
False
Is 96139 a prime number?
False
Is 18481 composite?
False
Is 16277 a prime number?
False
Is 358313 composite?
False
Is 73339 composite?
True
Is 1357423 a prime number?
True
Is 11197 a prime number?
True
Is 354493 prime?
False
Is 121 a prime number?
False
Is 16909 prime?
False
Is 970679 a prime number?
False
Is 18839 prime?
True
Is 109451 prime?
True
Is 19847 a prime number?
False
Is 257339 prime?
True
Is 769933 composite?
True
Is 109834 prime?
False
Is 140433 prime?
False
Is 1651 a prime number?
False
Is 8311 composite?
False
Is 1015577 a prime number?
False
Is 21577 prime?
True
Is 509 prime?
True
Is 84287 prime?
False
Is 146477 composite?
False
Is 4703 a composite number?
False
Is 264569 prime?
False
Is 22622 prime?
False
Is 46477 prime?
True
Is 174431 prime?
True
Is 43661 a prime number?
True
Is 20697 prime?
False
Is 227405 a prime number?
False
Is 50207 composite?
False
Is 80141 a composite number?
False
Is 16787 a prime number?
True
Is 10391 a composite number?
False
Is 583969 prime?
True
Is 950871 a composite number?
True
Is 844351 a composite number?
False
Is 633 composite?
True
Is 363017 a composite number?
False
Is 439 a composite number?
False
Is 5627 composite?
True
Is 12781 prime?
True
Is 1931 prime?
True
Is 49721 prime?
False
Is 139497 composite?
True
Is 53711 composite?
True
Is 631857 prime?
False
Is 14111 a composite number?
True
Is 769961 a prime number?
True
Is 29567 composite?
False
Is 17693 a composite number?
True
Is 480091 composite?
False
Is 45281 a prime number?
True
Is 7621 composite?
False
Is 93077 a prime number?
True
Is 94217 prime?
False
Is 547223 a composite number?
False
Is 18058 a prime number?
False
Is 52203 composite?
True
Is 16319 composite?
False
Is 320123 composite?
True
Is 382639 a prime number?
False
Is 24793 a prime number?
True
Is 29567 a composite number?
False
Is 12745 prime?
False
Is 474301 a prime number?
False
Is 23897 composite?
True
Is 3229 prime?
True
Is 6247 prime?
True
Is 11983 prime?
False
Is 583 prime?
False
Is 2319199 a prime number?
False
Is 907 a prime number?
True
Is 85535 a prime number?
False
Is 11057 a prime number?
True
Is 7901 a prime number?
True
Is 58885 prime?
False
Is 41161 a prime number?
True
Is 40295 a composite number?
True
Is 57471 a composite number?
True
Is 2221 a composite number?
False
Is 133919 prime?
True
Is 31867 a prime number?
False
Is 175811 composite?
False
Is 8945 prime?
False
Is 17553 a prime number?
False
Is 120517 prime?
False
Is 254062 composite?
True
Is 166714 composite?
True
Is 17351 a composite number?
False
Is 284489 a prime number?
True
Is 1651 prime?
False
Is 9563 a composite number?
True
Is 527531 a prime number?
False
Is 21893 composite?
False
Is 817 a prime number?
False
Is 13289 a prime number?
False
Is 93907 a composite number?
True
Is 1678 a composite number?
True
Is 23369 a prime number?
True
Is 360023 prime?
True
Is 17713 a prime number?
True
Is 13259 composite?
False
Is 134669 a prime number?
True
Is 717697 a composite number?
False
Is 121183 composite?
True
Is 95785 a composite number?
True
Is 6593 prime?
False
Is 64299 composite?
True
Is 91199 composite?
False
Is 79085 a composite number?
True
Is 2963 prime?
True
Is 17663 prime?
False
Is 605309 a prime number?
True
Is 13751 prime?
True
Is 23759 prime?
False
Is 36827 prime?
False
Is 93701 a composite number?
False
Is 565 prime?
False
Is 38441 prime?
False
Is 479 a composite number?
False
Is 49139 prime?
True
Is 17273 a composite number?
True
Is 10847 a composite number?
False
Is 12479 a prime number?
True
Is 4380361 a composite number?
False
Is 1201703 a prime number?
True
Is 88833 a composite number?
True
Is 6805 prime?
False
Is 105337 a prime number?
True
Is 36319 composite?
False
Is 153817 composite?
False
Is 633021 a composite number?
True
Is 92201 prime?
False
Is 6274 a composite number?
True
Is 22613 prime?
True
Is 553621 prime?
False
Is 30427 a prime number?
True
Is 3611 composite?
True
Is 32114 a composite number?
True
Is 7043 prime?
True
Is 17657 a composite number?
False
Is 369763 a composite number?
True
Is 1827731 a composite number?
False
Is 2633 prime?
True
Is 40693 prime?
True
Is 296797 prime?
True
Is 419729 prime?
False
Is 2120351 prime?
True
Is 229469 a composite number?
False
Is 5557 a composite number?
False
Is 23423 a composite number?
True
Is 19945 a composite number?
True
Is 46993 composite?
False
Is 293 a prime number?
True
Is 34081 composite?
True
Is 263157 composite?
True
Is 21418 a composite number?
True
Is 3203 a composite number?
False
Is 313343 composite?
False
Is 7669 a composite number?
False
Is 437681 composite?
False
Is 542267 prime?
False
Is 23105 prime?
False
Is 648719 a prime number?
True
Is 406013 a prime number?
True
Is 42979 composite?
False
Is 2360321 composite?
False
Is 1087859 prime?
False
Is 5447 prime?
False
Is 152239 a prime number?
True
Is 69261 composite?
True
Is 184235 prime?
False
Is 5731 a composite number?
True
Is 171683 prime?
False
Is 2939 composite?
False
Is 224887 prime?
False
Is 39659 a composite number?
False
Is 557981 a prime number?
True
Is 120121 a composite number?
False
Is 138821 prime?
True
Is 97961 prime?
True
Is 287701 prime?
True
Is 1271017 a composite number?
True
Is 26779 a prime number?
False
Is 44867 a composite number?
False
Is 23801 composite?
False
Is 131083 a prime number?
False
Is 32002 a composite number?
True
Is 14809 a composite number?
True
Is 481781 a prime number?
False
Is 4463 a prime number?
True
Is 4741 composite?
True
Is 6979 a prime number?
False
Is 673195 a composite number?
True
Is 31937 prime?
False
Is 152363 a prime number?
True
Is 4163 composite?
True
Is 17843 prime?
False
Is 131861 prime?
True
Is 406319 composite?
True
Is 10831 composite?
False
Is 26747 a prime number?
False
Is 168013 a prime number?
True
Is 1408954 a prime number?
False
Is 12761 composite?
True
Is 26897 composite?
True
Is 62617 a 